 composite?
True
Is 213368473 a prime number?
True
Is 4070153 composite?
True
Is 135896977 a prime number?
True
Is 202478278 composite?
True
Is 175154919 a prime number?
False
Is 373547677 a composite number?
True
Is 102047989 a prime number?
True
Is 30884017 prime?
True
Is 1672891 composite?
True
Is 4018409 composite?
True
Is 243193 a composite number?
True
Is 8420119 prime?
True
Is 49917451 a prime number?
False
Is 28202927 a prime number?
True
Is 14995303 a composite number?
True
Is 3452563 a composite number?
True
Is 3958531 a composite number?
False
Is 363846121 prime?
False
Is 10150603 a prime number?
True
Is 1651019 prime?
True
Is 28305061 prime?
True
Is 11597351 composite?
False
Is 34546819 composite?
True
Is 15771883 prime?
True
Is 4352897 a prime number?
False
Is 1610123 a prime number?
True
Is 52801517 a prime number?
True
Is 187009 prime?
True
Is 948659 composite?
False
Is 8760111 a prime number?
False
Is 13093273 prime?
True
Is 287692633 composite?
False
Is 8780543 prime?
True
Is 1114429 composite?
True
Is 6069659 a prime number?
True
Is 721783 composite?
False
Is 6111139 prime?
True
Is 10435217 a prime number?
False
Is 1834367 a prime number?
False
Is 5369339 a prime number?
True
Is 35390857 prime?
False
Is 271421 a composite number?
True
Is 4978717 a prime number?
False
Is 4552741 a composite number?
False
Is 37403749 a prime number?
False
Is 12040957 prime?
True
Is 964610707 a prime number?
True
Is 7156801 a prime number?
False
Is 3021286 prime?
False
Is 48800177 prime?
True
Is 2033783 a prime number?
True
Is 25016969 a prime number?
False
Is 50978882 a prime number?
False
Is 5432261 composite?
False
Is 63938843 a composite number?
False
Is 1238603 a prime number?
False
Is 23145503 prime?
False
Is 69959 composite?
False
Is 4274237 a composite number?
True
Is 135251 composite?
True
Is 25659869 composite?
False
Is 17240029 composite?
False
Is 28442009 prime?
True
Is 53229047 prime?
True
Is 6150679 prime?
False
Is 4503053 prime?
False
Is 13206779 a prime number?
True
Is 38023151 a composite number?
True
Is 3228661 a composite number?
False
Is 6025153 a prime number?
False
Is 11795857 a prime number?
True
Is 22428533 a composite number?
False
Is 3760759 composite?
False
Is 48052427 composite?
False
Is 665897 a prime number?
True
Is 161161643 a prime number?
True
Is 3912803 a prime number?
False
Is 5976799 prime?
False
Is 504631 composite?
False
Is 8920463 composite?
False
Is 35724509 a prime number?
True
Is 62668147 a prime number?
True
Is 28402039 composite?
False
Is 144188899 prime?
False
Is 415274411 composite?
True
Is 7704497 prime?
True
Is 35356343 a composite number?
True
Is 70578355 prime?
False
Is 105684997 composite?
True
Is 3029605 composite?
True
Is 203938481 composite?
True
Is 37515893 a composite number?
False
Is 16056038 a prime number?
False
Is 1414339237 a prime number?
True
Is 2587493 a prime number?
False
Is 164119367 composite?
True
Is 23502121 composite?
False
Is 694313 a composite number?
False
Is 10066783 a prime number?
True
Is 252040763 prime?
False
Is 8932411 prime?
False
Is 7802281 prime?
True
Is 976699 a prime number?
True
Is 9987031 composite?
False
Is 337697 a composite number?
False
Is 63439891 a prime number?
True
Is 3721105 composite?
True
Is 28131665 composite?
True
Is 5447663 a composite number?
True
Is 62350683 a prime number?
False
Is 275932759 prime?
True
Is 1221373 a prime number?
True
Is 1562707 a prime number?
True
Is 24601157 composite?
True
Is 6110879 prime?
False
Is 8067637 composite?
True
Is 45432109 prime?
False
Is 21116402 a composite number?
True
Is 102967 a composite number?
False
Is 4351561 composite?
False
Is 39254041 prime?
True
Is 13991377 a prime number?
False
Is 63748367 a prime number?
True
Is 1069171 prime?
True
Is 92694851 composite?
False
Is 1583999 composite?
False
Is 21209743 prime?
True
Is 4107227 composite?
True
Is 1387913 a prime number?
True
Is 15500939 a prime number?
True
Is 7777447 composite?
False
Is 821281 a composite number?
False
Is 194758373 prime?
False
Is 44388713 prime?
True
Is 147827707 composite?
False
Is 379020629 prime?
False
Is 18034927 prime?
True
Is 6855782 prime?
False
Is 952171 a composite number?
True
Is 24458441 prime?
False
Is 972159 a prime number?
False
Is 749209 composite?
False
Is 92351477 a composite number?
False
Is 1691698 composite?
True
Is 8343703 a prime number?
True
Is 4009319 composite?
False
Is 50326447 a composite number?
True
Is 17564627 prime?
False
Is 765031 a prime number?
True
Is 79149767 a prime number?
True
Is 35184443 a composite number?
True
Is 500366305 prime?
False
Is 1044821 composite?
True
Is 864277 composite?
False
Is 51799859 a prime number?
True
Is 15288887 a composite number?
True
Is 4865207 prime?
True
Is 95019739 composite?
True
Is 240545 prime?
False
Is 2889203 prime?
False
Is 1670107 composite?
True
Is 560335273 prime?
True
Is 9164147 composite?
False
Is 452615521 a composite number?
True
Is 89022727 prime?
False
Is 208113 composite?
True
Is 4698293 prime?
True
Is 20954462 composite?
True
Is 116009 prime?
True
Is 1476415 a prime number?
False
Is 16501789 a prime number?
True
Is 18928891 prime?
True
Is 1036219 prime?
False
Is 244452023 composite?
False
Is 7172983 composite?
True
Is 375227611 prime?
False
Is 3793759 composite?
True
Is 54093205 a composite number?
True
Is 77914147 composite?
False
Is 69369751 a prime number?
False
Is 538511 composite?
False
Is 3911197 a prime number?
False
Is 13718821 a prime number?
False
Is 510047 a composite number?
False
Is 44508733 a composite number?
True
Is 83333243 composite?
True
Is 15394307 a composite number?
False
Is 85935559 a composite number?
False
Is 528947 a composite number?
False
Is 11597879 a composite number?
False
Is 3738187 composite?
True
Is 2388059 a prime number?
True
Is 634078261 a composite number?
True
Is 764431 a composite number?
False
Is 3483595 a composite number?
True
Is 9458243 a composite number?
False
Is 122148529 a composite number?
False
Is 183858989 prime?
True
Is 7051085 a prime number?
False
Is 71963209 a prime number?
False
Is 1329787 composite?
False
Is 1569479 prime?
True
Is 622433 a prime number?
False
Is 27951347 prime?
True
Is 16517279 a prime number?
False
Is 2381497 prime?
True
Is 8072027 a composite number?
False
Is 8836657 a composite number?
False
Is 6597233 composite?
False
Is 207709717 a prime number?
True
Is 46402907 a prime number?
True
Is 27235283 a composite number?
False
Is 53527 composite?
False
Is 172481989 a prime number?
True
Is 2922191 a composite number?
False
Is 4833313 prime?
False
Is 11489873 composite?
False
Is 3305147 a prime number?
True
Is 37353515 a composite number?
True
Is 1414317 a prime number?
False
Is 98514071 prime?
False
Is 4187329 a prime number?
True
Is 5433377 composite?
True
Is 1023481 prime?
False
Is 286665689 a prime number?
True
Is 28114291 a prime number?
True
Is 209663621 a composite number?
False
Is 31019 composite?
False
Is 848448713 composite?
True
Is 556343371 a prime number?
False
Is 5307311 a prime number?
True
Is 1640131 a prime number?
True
Is 39478303 prime?
True
Is 44877059 composite?
True
Is 3361087 a prime number?
False
Is 1631489 a composite number?
False
Is 209753987 composite?
True
Is 122709869 a prime number?
True
Is 17288573 composite?
False
Is 17590043 prime?
True
Is 4430561 a prime number?
True
Is 13169021 a composite number?
False
Is 213247 a composite number?
False
Is 219314467 composite?
True
Is 34082593 a composite number?
True
Is 165529571 a composite number?
False
Is 1091651 a prime number?
False
Is 1941827 composite?
False
Is 7343995 prime?
False
Is 1033514 prime?
False
Is 60739529 composite?
False
Is 259379 a prime number?
True
Is 10603279 a prime number?
False
Is 11484329 composite?
False
Is 99643909 prime?
False
Is 75230641 a prime number?
False
Is 19766861 prime?
False
Is 739223 prime?
False
Is 2531383 a prime number?
False
Is 61207687 prime?
False
Is 291419 prime?
True
Is 5517422 composite?
True
Is 14425493 a composite number?
False
Is 20523634 a composite number?
True
Is 5734801 a prime number?
True
Is 1110197 composite?
True
Is 2573221 a prime number?
False
Is 13176659 a composite number?
False
Is 397541 a prime number?
True
Is 4672243 a composite number?